8).
-10
What is (0 - -1) + -3 + (14 - 7)?
5
Evaluate 3 + -4 + (-4 - -4) + -2.
-3
Evaluate -2 + (2 - 3) + (3 - 1).
-1
What is the value of -3 + (2 - -1 - 2) + -2?
-4
Evaluate (-2 - -3) + -5 - 1.
-5
Evaluate 1 - (1 - -1 - (-8 - -5)).
-4
-1 - 0 - (27 + -28)
0
Evaluate 15 + -1 - 5 - 4.
5
Calculate -8 + (1 - -5 - 0).
-2
6 + 1 + -3 + (-12 - -12)
4
Calculate -6 + 7 + (4 - 5 - 3).
-3
Calculate -5 - 0 - (2 + -2).
-5
Calculate (-7 + 3 - 3) + (-2 - 2).
-11
What is 4 + (6 - 2) + (-5 - -2)?
5
Evaluate -1 - (-1 + 4 + -4) - 5.
-5
What is -10 + 4 - -1 - -2 - -6?
3
-1 + 0 - (12 - (22 - 8))
1
What is the value of -13 + 8 + 12 - 6?
1
What is the value of (6 - (-4 - -3)) + -4?
3
Evaluate 25 + -26 + 3 + -7.
-5
What is the value of -1 + 0 - (-4 + 5)?
-2
Evaluate -10 - (-7 + 6 + -3).
-6
Calculate 6 - (-4 + 2 - (-18 - -5)).
-5
2 - (1 + -2 + 3 - -1)
-1
Calculate (5 - 5) + -2 + (6 - 1).
3
What is the value of 1 - (-1 - 0) - (44 - 42)?
0
What is the value of 14 - 12 - ((0 - 4) + 2)?
4
What is the value of (-5 - (-3 - 3)) + -2?
-1
(1 - -4) + (-57 - -44)
-8
Calculate 4 - (5 - (4 + 1) - 1).
5
What is -3 + (-7 - (-9 - 3))?
2
Calculate (-1 - -2) + 5 + -3 + 0.
3
Evaluate (-10 - (-3 - 19)) + (0 - 3).
9
Calculate 8 - -2 - (25 - 12).
-3
Calculate 4 + (-9 - -6) - (0 + 6).
-5
Calculate (5 - -2) + (-2 - 1).
4
-3 + -1 + (-2 - (2 - 12))
4
Calculate 14 - (3 + 6 + 4).
1
What is the value of 0 + -7 + (9 + 0 - 7)?
-5
Evaluate (-10 - 0) + (-2 - -9).
-3
Evaluate 6 + -4 + 0 - 1.
1
Calculate -28 - -30 - (1 - -1).
0
-153 + 151 - (-8 + -1)
7
Evaluate -12 - -10 - (0 + 2) - -3.
-1
Evaluate 20 + (2 - 9 - 5).
8
What is 2 - (-1 + 0) - (-54 + 54)?
3
What is 13 - (11 + -5 + 1)?
6
Calculate 3 - (-8 + 9 - 0).
2
Evaluate 9 + (-5 - (2 - 3)).
5
-18 - -7 - 2 - -23
10
What is the value of (0 - 0) + (-3 - -5)?
2
12 + (-13 - -4 - -4) + 0
7
Calculate 18 - (-11 - -21) - -1.
9
What is 101 - 93 - (11 + 1)?
-4
(3 + -3 - 0) + (-4 - -9)
5
What is the value of -1 - ((3 - -1) + -8)?
3
Calculate -3 + (5 - 3) - -4 - 7.
-4
(-4 - -11) + -4 + (2 - 7)
-2
Calculate 1 + -1 + -3 - (-4 + -1).
2
Evaluate -24 + 14 + 8 - (1 - 3).
0
-15 - -9 - (-4 - 1)
-1
What is -7 + 8 + (12 - 8) + -2?
3
0 - 1 - (11 + 1 + -10)
-3
Evaluate (1 - 3) + 7 - 5.
0
What is the value of (1 - -3 - (11 - 2)) + 2?
-3
Calculate 2 + (3 + -2 - (6 - -2)).
-5
What is 16 + -12 - (1 + (1 - -2))?
0
Calculate (8 - 0) + (27 - 31).
4
What is the value of -19 + 10 + 6 - (-1 + -3)?
1
What is (-5 - (-1 - (11 + -4))) + -1?
2
Calculate -2 + 2 - (3 + -2 + -3).
2
What is the value of -10 - -8 - -12 - 7?
3
-7 + 4 + (-3 - 7) + 5
-8
Evaluate (1 - 0) + (-2 - 2) + 4.
1
Evaluate 1 - -1 - 0 - (13 - 9).
-2
Evaluate -8 + 12 + -5 + 0.
-1
What is 9 + (-5 - (2 + -4)) + 3?
9
8 - (-5 - (-1 + -12))
0
What is -1 + 0 + -6 + 8?
1
Calculate 5 - 8 - (0 + (2 - -1)).
-6
What is -7 + 2 + (13 - 14)?
-6
(-15 - -20) + 4 + -17
-8
Evaluate (-1 - 3 - (2 + -2)) + 1.
-3
Evaluate -9 - (1 - 2) - (-18 - -14).
-4
6 - (17 + -3 - 9)
1
What is the value of (-2 - (2 + 2 - 2)) + 0?
-4
What is the value of 11 + -6 + -5 - 3?
-3
Calculate 2 - ((5 - 6) + (0 - -4)).
-1
2 + (2 - 3) - (-2 - -9)
-6
Calculate -3 + (1 + -1 - 2 - -7).
2
What is the value of 5 + (3 - (3 + 0))?
5
-4 + 6 + -1 - 0
1
Evaluate -2 + -1 + (-3 - -11).
5
Evaluate -5 + 11 - (8 + -2).
0
Evaluate (-3 - (-2 - -5)) + 2.
-4
(-7 - (-2 - (6 - 4))) + 4
1
Evaluate 5 + -3 + 5 - (-1 + 5).
3
Calculate 6 + (-2 - 7) + 1 + 1.
-1
-3 + 5 + (32 - 39)
-5
What is the value of (-2 - (5 + -6)) + (2 - 1)?
0
6 - (0 + -6 - -14)
-2
Calculate 0 + 0 + -7 + 6.
-1
(-4 - -8) + -7 + -1 + 4
0
What is the value of 6 - ((5 - (-2 + 6)) + 6)?
-1
Calculate 14 + -11 - (0 + 4) - 4.
-5
What is 3 + (4 + -22 - -8)?
-7
What is the value of -4 + 1 + (2 - 3)?
-4
What is 5 + 0 - (14 - (23 - 10))?
4
-1 - (3 - -2) - -8
2
What is the value of (6 - 1) + -6 - -2?
1
Evaluate 8 + (-10 - 2 - -1).
-3
What is (1 + -3 - -5) + (-1 - -1)?
3
What is the value of -2 + 0 + 1 + -4 + 0?
-5
Calculate -15 + (3 - -2) - -5.
-5
-230 + 227 - (0 + -9 + 0)
6
Calculate -9 + (0 - (9 - 8)).
-10
Calculate 8 + (-15 - 2) - -13.
4
-28 + 28 + (-1 - 6)
-7
Calculate 11 - (1 + (-5 - -7) + 4).
4
What is -4 + 3 + 4 + 1 + -3?
1
What is -47 + 44 + 1 + -1 + -1?
-4
What is the value of 6 + 2 + -1 - 10?
-3
(-4 - (-5 + -3)) + -2 + 1
3
Calculate (5 + 1 + -2 - -2) + -14.
-8
What is the value of -2 + 4 + 4 + -1?
5
Calculate (-10 + 12 - -8) + -4.
6
Evaluate -3 - (3 + (-3 - -6) - 17).
8
Evaluate 2 - (2 - 1 - (33 - 28)).
6
Calculate -1 + -1 + 3 - 4.
-3
4 - ((-5 - -16) + 1) - -2
-6
What is the value of -1 + 0 + (0 - 1) + 1?
-1
Calculate 9 + (-3 - -2) + -4 + 0.
4
-8 + 5 + 1 + 1
-1
0 + (-5 - -3) + 0
-2
What is the value of -13 + 7 + 5 - (-3 - -1)?
1
What is -4 - 6 - -13 - -2?
5
Evaluate 3 + 0 - -2 - (3 + -1).
3
Evaluate 4 - 10 - (2 + -1).
-7
6 - (0 + 2 + 6)
-2
What is the value of 2 + -7 + 11 + -8?
-2
What is 3 - ((-3 - -9) + -10)?
7
What is the value of (0 + 2 - 5) + 5?
2
Calculate 3 + 2 + -3 + 2 - 4.
0
What is the value of 0 + (3 - 5) + (-4 - -5)?
-1
What is -2 + -1 - (4 - (15 - 5))?
3
Calculate 1 - -10 - (28 + -23).
6
Evaluate 2 - -1 - (11 + -5 - -1).
-4
Evaluate 3 - (3 - (-1 - 1)).
-2
Calculate 5 + (0 - 1) + -4.
0
(8 - 3) + 2 + -4
3
What is 4 - 1 - (3 - -3 - 3)?
0
8 - (-4 - (-11 + 5) - 0)
6
2 + 5 + -15 + 3 + 8
3
What is the value of -9 + 13 + (1 - (-3 + 8))?
0
What is (-3 - 0) + (-3 - -8)?
2
(-6 - (0 - 1)) + 5 - -2
2
Calculate 0 - -12 - (-14 - -18) - 5.
3
What is 1 + -2 + 1 - (-278 - -285)?
-7
Calculate -2 + (5 - -1) + -4 - 1.
-1
What is 0 - -5 - (10 - (7 - 7))?
-5
What is (1 + 0 - 2) + 6?
5
What is the value of 4 + -2 - (1 - -1)?
0
Evaluate (-3 - (-4 - (-1 + 3))) + -2.
1
3 + -4 + -2 + 4
1
Calculate (0 - (3 + -2)) + 5 - -1.
5
What is 2 - (2 + -6 + 10 + 1)?
-5
What is the value of 4 - (3 - (6 + -4))?
3
What is -1 + -4 + -1 + 1?
-5
5 + (-4 - 4 - 2)
-5
What is the value of (6 - 4 - -2) + 0 + -1?
3
What is the value of 1 - (5 - 4 - 3 - -4)?
-1
What is the value of -1 + 3 + (-2 - -3) - -5?
8
Calculate 16 + -14 - (0 - -7).
-5
What is -6 + -3 + 8 - -3?
2
Evaluate 4 + -11 + -1 + -2.
-10
What is (-1 - -4) + 2 - (-2 - -6)?
1
Evaluate (8 - 0) + (-10 - -6) - -2.
6
Calculate 3 + -1 + -3 + -2 + 4.
1
Evaluate (-3 - (-1 + 0)) + 2.
0
90 - 74 - (8 + 0)
8
-8 + 0 + (4 - 0)
-4
What is (-5 - -4 - -8) + 0?
7
Evaluate 5 - (3 + -4) - 1.
5
What is the value of 2 + -6 + 3 + -2 + 4?
1
Calculate 24 + (-3 - 18) - (-1 + 8).
-4
Evaluate (-10 - (-8 - (-4 + 1))) + 1.
-4
What is the value of -8 + (-7 - (0 + -8))?
-7
Evaluate -8 - -12 - (1 + -1) - 2.
2
What is the value of -2 + (3 - 4) + -3 + 3?
-3
Evaluate 4 + (-2 + -10 - -6).
-2
(-2 - 0) + (5 - (7 + -3))
-1
Calculate -2 + 3 + (-5 - -5) + -3.
-2
What is 2 - (3 + (-2 - 3))?
4
-2 + 1 - ((14 - -2) + -10)
-7
What is the value of -2 + 0 + 0 + 5 + -4?
-1
-9 + 6 + 2 + -4
-5
What is the value of -5 - (-1 + -2 + 3 - 2)?
-3
Evaluate (-4 + -3 - -5) + 7.
5
Evaluate -44 - -49 - (-1 - -2).
4
What is the value of -4 + 8 + 1 + -1 - 2?
2
Evaluate 0 + -8 + (-47 - -50).
-5
Calculate 2 + 0 + -2 + 1 + 4.
5
Calculate -2 - (-1 + 2) - (-4 + 0).
1
-3 + (2 - 3 - 3 - -8)
1
Evaluate 3 + (-2 - (0 + (1 - -3))).
-3
What is -3 + 5 + (-3 - 1)?
-2
What is the value of -2 - (2 + -2 + -2 - -5)?
-5
What is the value of -6 - ((15 - 15) + (0 - 13))?
7
Evaluate 7 - (1 - 0) - (-8 - -10).
4
Calculate -1 + 2 - (-4 - -10).
-5
4 + -3 + -4 - -3
0
What is (6 - 5) + (0 - 1) + 4?
4
-5 + -2 + (1 - (-7 + -3))
4
What is the value of 0 + (2 - 1 - (10 - 13))?
4
1 - ((2 - -2) + -9 - -3)
3
Evaluate 7 - ((19 - 2) + -8).
-2
What is 2 + (-5 + 1 - -5)?
3
What is the value of 29 - 26 - (-3 - (1 - 4))?
3
What is -50 - -51 - (3 - 10)?
8
What is the value of 2 + (-5 - -6 - 4 - -8)?
7
Evaluate (6 - (-3 - -4 - -5)) + 2.
2
What is 3 - (4 + 4) - -3?
-2
What is the value of 0 + -2 + 12 + -3 + -2?
5
Evaluate -2 + (1 - 2) + (-12 - -9).
-6
What is 0 + 8 + -3 - 9?
-4
Evaluate (10 - (0 + 23)) + 9.
-4
Evaluate 28 + -27 - (0 - 1) - -5.
7
Evaluate (2 - (-2 - -2)) + -34 + 40.
8
What is 4 + -6 + (0 - -2)?
0
What is the value of 3 - 1 - (-8 - -5)?
5
What is the value of 2 - (4 - (-8 - -11))?
1
Calculate -5 - (-2 + 8 - 5).
-6
What is the value of -1 + (3 - 6) - -3?
-1
Evaluate 7 + (-1 + 2 - 3) + -11.
-6
What is the value of -1 + 12 + -19 + 6?
-2
What is 1 + (-9 - -18 - 8)?
2
Calculate -8 + 14 + -2 + (4 - 9).